{"id":374,"date":"2020-05-29T23:19:43","date_gmt":"2020-05-29T21:19:43","guid":{"rendered":"https:\/\/www.mcca-ain.org\/rupture\/?page_id=374"},"modified":"2020-11-14T12:16:38","modified_gmt":"2020-11-14T11:16:38","slug":"qui","status":"publish","type":"page","link":"https:\/\/www.mcca-ain.org\/rupture\/qui\/","title":{"rendered":"Qui ?"},"content":{"rendered":"\n<p>Qui derri\u00e8re ce site ? La mar\u00e9chauss\u00e9e se pose la question et vous aussi. Normal. Alors voici un bout de r\u00e9ponse.* <\/p>\n\n\n\n<p><em>\u00a0\u00bb <strong>Ils peuvent emp\u00eacher les fleurs de pousser, ils n&#8217;emp\u00eacheront jamais le printemps d&rsquo;arriver<\/strong>\u00a0\u00bb (Pablo Neruda)<\/em><\/p>\n\n\n\n<p><em>\u00ab <strong>Ceux qui se battent peuvent perdre, ceux qui ne se battent pas ont de\u0301ja\u0300 perdu.<\/strong> \u00bb (Bertolt Brecht)<\/em><\/p>\n\n\n\n<iframe loading=\"lazy\" src=\"https:\/\/www.youtube.com\/embed\/Iwb6u1Jo1Mc\" allow=\"accelerometer; autoplay; encrypted-media; gyroscope; picture-in-picture\" allowfullscreen=\"\" width=\"560\" height=\"315\" frameborder=\"0\"><\/iframe>\n\n\n\n<p><iframe loading=\"lazy\" src=\"https:\/\/www.youtube.com\/embed\/4-CNE0Mw4lI\" allow=\"accelerometer; autoplay; encrypted-media; gyroscope; picture-in-picture\" allowfullscreen=\"\" width=\"560\" height=\"315\" frameborder=\"0\"><\/iframe><\/p>\n\n\n\n<iframe loading=\"lazy\" src=\"https:\/\/www.youtube.com\/embed\/bPH7pOAYYMg\" allow=\"accelerometer; autoplay; encrypted-media; gyroscope; picture-in-picture\" allowfullscreen=\"\" width=\"560\" height=\"315\" frameborder=\"0\"><\/iframe>\n\n\n\n<iframe loading=\"lazy\" src=\"https:\/\/www.youtube.com\/embed\/wrYy0D4WX5w\" allow=\"accelerometer; autoplay; encrypted-media; gyroscope; picture-in-picture\" allowfullscreen=\"\" width=\"560\" height=\"315\" frameborder=\"0\"><\/iframe>\n\n\n\n<p><iframe loading=\"lazy\" src=\"https:\/\/www.youtube.com\/embed\/jnLjBgbmyq4\" allow=\"accelerometer; autoplay; encrypted-media; gyroscope; picture-in-picture\" allowfullscreen=\"\" width=\"560\" height=\"315\" frameborder=\"0\"><\/iframe><\/p>\n\n\n\n<iframe loading=\"lazy\" src=\"https:\/\/www.youtube.com\/embed\/i-off42HHMw\" allow=\"accelerometer; autoplay; encrypted-media; gyroscope; picture-in-picture\" allowfullscreen=\"\" width=\"560\" height=\"315\" frameborder=\"0\"><\/iframe>\n\n\n\n<iframe loading=\"lazy\" src=\"https:\/\/www.youtube.com\/embed\/gR0gGAeCSXg?start=272\" allow=\"accelerometer; autoplay; encrypted-media; gyroscope; picture-in-picture\" allowfullscreen=\"\" width=\"560\" height=\"315\" frameborder=\"0\"><\/iframe>\n\n\n\n<iframe loading=\"lazy\" src=\"https:\/\/www.youtube.com\/embed\/2VX-eLxC4MY\" allow=\"accelerometer; autoplay; encrypted-media; gyroscope; picture-in-picture\" allowfullscreen=\"\" width=\"560\" height=\"315\" frameborder=\"0\"><\/iframe>\n\n\n\n<iframe loading=\"lazy\" src=\"https:\/\/www.youtube.com\/embed\/RzTa7vbGbqY\" allow=\"accelerometer; autoplay; encrypted-media; gyroscope; picture-in-picture\" allowfullscreen=\"\" width=\"560\" height=\"315\" frameborder=\"0\"><\/iframe>\n\n\n\n<iframe loading=\"lazy\" width=\"560\" height=\"315\" src=\"https:\/\/www.youtube.com\/embed\/jfEFDDnOJH4\" frameborder=\"0\" allow=\"accelerometer; autoplay; encrypted-media; gyroscope; picture-in-picture\" allowfullscreen=\"\"><\/iframe>\n\n\n\n<pre class=\"wp-block-code\"><code>&lt;iframe width=\"560\" height=\"315\" src=\"https:\/\/www.youtube.com\/embed\/w4PpMr4Ef_w\" frameborder=\"0\" allow=\"accelerometer; autoplay; clipboard-write; encrypted-media; gyroscope; picture-in-picture\" allowfullscreen>&lt;\/iframe><\/code><\/pre>\n\n\n\n<pre class=\"wp-block-code\"><code>&lt;iframe width=\"560\" height=\"315\" src=\"https:\/\/www.youtube.com\/embed\/PQngb280i-A\" frameborder=\"0\" allow=\"accelerometer; autoplay; clipboard-write; encrypted-media; gyroscope; picture-in-picture\" allowfullscreen>&lt;\/iframe><\/code><\/pre>\n\n\n\n<ul class=\"wp-block-list\"><li><em>* les personnes et groupes pr\u00e9sents sur ces vid\u00e9os et dans ces actions ne sont sp\u00e9cifiquement pas partie prenante de ce site, il s&rsquo;agit d&rsquo;un kal\u00e9idoscope d&rsquo;id\u00e9es, d&rsquo;implications et de dynamiques &#8230;<\/em><\/li><\/ul>\n\n\n\n<p><\/p>\n\n\n\n<p><\/p>\n","protected":false},"excerpt":{"rendered":"<p>Qui derri\u00e8re ce site ? La mar\u00e9chauss\u00e9e se pose la question et vous aussi. Normal. Alors voici un bout de r\u00e9ponse.* \u00a0\u00bb Ils peuvent emp\u00eacher les fleurs de pousser, ils n&#8217;emp\u00eacheront jamais le printemps d&rsquo;arriver\u00a0\u00bb (Pablo Neruda) \u00ab Ceux qui<\/p>\n","protected":false},"author":2,"featured_media":0,"parent":0,"menu_order":0,"comment_status":"closed","ping_status":"closed","template":"","meta":{"_bbp_topic_count":0,"_bbp_reply_count":0,"_bbp_total_topic_count":0,"_bbp_total_reply_count":0,"_bbp_voice_count":0,"_bbp_anonymous_reply_count":0,"_bbp_topic_count_hidden":0,"_bbp_reply_count_hidden":0,"_bbp_forum_subforum_count":0,"footnotes":""},"class_list":["post-374","page","type-page","status-publish","hentry"],"aioseo_notices":[],"_links":{"self":[{"href":"https:\/\/www.mcca-ain.org\/rupture\/wp-json\/wp\/v2\/pages\/374","targetHints":{"allow":["GET"]}}],"collection":[{"href":"https:\/\/www.mcca-ain.org\/rupture\/wp-json\/wp\/v2\/pages"}],"about":[{"href":"https:\/\/www.mcca-ain.org\/rupture\/wp-json\/wp\/v2\/types\/page"}],"author":[{"embeddable":true,"href":"https:\/\/www.mcca-ain.org\/rupture\/wp-json\/wp\/v2\/users\/2"}],"replies":[{"embeddable":true,"href":"https:\/\/www.mcca-ain.org\/rupture\/wp-json\/wp\/v2\/comments?post=374"}],"version-history":[{"count":22,"href":"https:\/\/www.mcca-ain.org\/rupture\/wp-json\/wp\/v2\/pages\/374\/revisions"}],"predecessor-version":[{"id":542,"href":"https:\/\/www.mcca-ain.org\/rupture\/wp-json\/wp\/v2\/pages\/374\/revisions\/542"}],"wp:attachment":[{"href":"https:\/\/www.mcca-ain.org\/rupture\/wp-json\/wp\/v2\/media?parent=374"}],"curies":[{"name":"wp","href":"https:\/\/api.w.org\/{rel}","templated":true}]}}