{"id":260,"date":"2020-05-28T10:59:00","date_gmt":"2020-05-28T08:59:00","guid":{"rendered":"https:\/\/www.mcca-ain.org\/rupture\/?page_id=260"},"modified":"2023-09-09T10:51:41","modified_gmt":"2023-09-09T08:51:41","slug":"incription-connexion","status":"publish","type":"page","link":"https:\/\/www.mcca-ain.org\/rupture\/incription-connexion\/","title":{"rendered":"Inscription\/Connexion"},"content":{"rendered":"\n<p>Pour d\u00e9poser une contribution, co-cr\u00e9er et co-\u00e9laborer vous devez ouvrir ici un <strong>acc\u00e8s gratuit : <a href=\"https:\/\/www.mcca-ain.org\/rupture\/\/wp-login.php?action=register\">contributeur<\/a><\/strong>  ou <strong><a href=\"https:\/\/www.mcca-ain.org\/rupture\/\/wp-login.php\">vous connectez<\/a><\/strong> ou l&rsquo;adresser sur <strong>la.belleverte (@) free.fr<\/strong> <em>(supprimer parenth\u00e8ses et espaces)<\/em><\/p>\n\n\n\n<figure class=\"wp-block-image size-large\"><img loading=\"lazy\" decoding=\"async\" width=\"531\" height=\"355\" src=\"https:\/\/www.mcca-ain.org\/rupture\/\/wp-content\/uploads\/2020\/05\/contribution.jpg\" alt=\"\" class=\"wp-image-262\" srcset=\"https:\/\/www.mcca-ain.org\/rupture\/wp-content\/uploads\/2020\/05\/contribution.jpg 531w, https:\/\/www.mcca-ain.org\/rupture\/wp-content\/uploads\/2020\/05\/contribution-300x201.jpg 300w\" sizes=\"auto, (max-width: 531px) 100vw, 531px\" \/><\/figure>\n","protected":false},"excerpt":{"rendered":"<p>Pour d\u00e9poser une contribution, co-cr\u00e9er et co-\u00e9laborer vous devez ouvrir ici un acc\u00e8s gratuit : contributeur ou vous connectez ou l&rsquo;adresser sur la.belleverte (@) free.fr (supprimer parenth\u00e8ses et espaces)<\/p>\n","protected":false},"author":2,"featured_media":0,"parent":0,"menu_order":0,"comment_status":"closed","ping_status":"closed","template":"","meta":{"_bbp_topic_count":0,"_bbp_reply_count":0,"_bbp_total_topic_count":0,"_bbp_total_reply_count":0,"_bbp_voice_count":0,"_bbp_anonymous_reply_count":0,"_bbp_topic_count_hidden":0,"_bbp_reply_count_hidden":0,"_bbp_forum_subforum_count":0,"footnotes":""},"class_list":["post-260","page","type-page","status-publish","hentry"],"aioseo_notices":[],"_links":{"self":[{"href":"https:\/\/www.mcca-ain.org\/rupture\/wp-json\/wp\/v2\/pages\/260","targetHints":{"allow":["GET"]}}],"collection":[{"href":"https:\/\/www.mcca-ain.org\/rupture\/wp-json\/wp\/v2\/pages"}],"about":[{"href":"https:\/\/www.mcca-ain.org\/rupture\/wp-json\/wp\/v2\/types\/page"}],"author":[{"embeddable":true,"href":"https:\/\/www.mcca-ain.org\/rupture\/wp-json\/wp\/v2\/users\/2"}],"replies":[{"embeddable":true,"href":"https:\/\/www.mcca-ain.org\/rupture\/wp-json\/wp\/v2\/comments?post=260"}],"version-history":[{"count":5,"href":"https:\/\/www.mcca-ain.org\/rupture\/wp-json\/wp\/v2\/pages\/260\/revisions"}],"predecessor-version":[{"id":1025,"href":"https:\/\/www.mcca-ain.org\/rupture\/wp-json\/wp\/v2\/pages\/260\/revisions\/1025"}],"wp:attachment":[{"href":"https:\/\/www.mcca-ain.org\/rupture\/wp-json\/wp\/v2\/media?parent=260"}],"curies":[{"name":"wp","href":"https:\/\/api.w.org\/{rel}","templated":true}]}}